 + 7*y + 4. Determine s(6).
10
Let c(n) = -n**2 - 3*n. Calculate c(-5).
-10
Let l(a) = -a**3 - 6*a**2 - 8*a - 52. Calculate l(-6).
-4
Let b(l) = -25*l**2 + 2*l - 1. What is b(1)?
-24
Let b(p) = 3*p + 1. What is b(-1)?
-2
Let k(t) = -t**3 - 4*t**2 + 4*t + 10. What is k(-5)?
15
Let p(a) = a + 19. Calculate p(-4).
15
Let y(w) = -w**2 + 15*w + 25. Give y(17).
-9
Let x(g) = -g**3 - 11*g**2 + 14*g + 15. Give x(-12).
-9
Let t(a) = -a**3 - 2*a**2 + a - 1. Determine t(-3).
5
Let d(q) = -q**3 + 12*q**2 - q + 9. Give d(12).
-3
Let o(d) = -d**2 - 15*d + 9. Calculate o(-5).
59
Let h(t) = -t**3 - 11*t**2 - 10*t + 18. Give h(-10).
18
Let g(f) = f**2 - 34*f + 95. What is g(3)?
2
Let g(a) = -a**2 - 4*a + 3. Determine g(-4).
3
Let t(p) = -p**2 - 13*p - 13. Calculate t(-7).
29
Let g(m) = -m**2 + 13*m + 18. Give g(13).
18
Let v(l) = -l**2 + 3*l + 6. What is v(4)?
2
Let q(v) = -3*v**3 - 2*v**2 + 3*v + 3. Calculate q(-2).
13
Let r(x) = -2*x**2 - 10*x - 10. What is r(-7)?
-38
Let m(n) = 3*n**2 + 29*n + 24. What is m(-9)?
6
Let f(t) = 32*t - 31. What is f(4)?
97
Let p(g) = -6*g + 18. Determine p(5).
-12
Let s(l) = -22*l - 1. Give s(1).
-23
Let r(w) = -29*w - 552. What is r(-19)?
-1
Let m(v) = -5*v**2 - 3*v. Give m(3).
-54
Let u(p) = p**2 - 9*p + 1. Determine u(9).
1
Let k(v) = -3*v - 15. Determine k(-6).
3
Let k(h) = -3*h - 12. What is k(-3)?
-3
Let f(h) = h**2 - 1. Calculate f(3).
8
Let x(q) = -2*q**2 + 21*q + 14. What is x(12)?
-22
Let q(h) = -2*h**3 + 10*h**2 + 12*h - 24. What is q(6)?
-24
Let v(w) = -9*w + 165. Determine v(18).
3
Let j(n) = -41*n**3 - 4*n**2 + n + 2. What is j(1)?
-42
Let x(n) = 12*n**2 + 2*n + 1. Determine x(-1).
11
Let h(z) = z**2 - 16*z + 16. What is h(14)?
-12
Let s(r) = -26*r + 8. Determine s(-1).
34
Let c(x) = -21*x + 265. Give c(13).
-8
Let q(b) = -b**2 + 9*b + 18. Give q(8).
26
Let g(p) = 2*p - 13. Determine g(12).
11
Let j(f) = f**2 - 15*f + 7. Determine j(14).
-7
Let l(m) = m**3 - 2*m + 8. Calculate l(0).
8
Let q(o) = o + 10. Give q(-7).
3
Let d(l) = 4*l + 190. What is d(-47)?
2
Let h(l) = l**3 + 9*l**2 + 7*l + 6. Determine h(-5).
71
Let n(v) = v**2 + 8*v - 11. What is n(-9)?
-2
Let q(m) = -m - 3. Determine q(6).
-9
Let a(d) = 9*d + 3. Give a(9).
84
Let d(a) = -a - 36. Give d(-12).
-24
Let k(z) = z**2 - 15*z + 29. What is k(11)?
-15
Let s(i) = -i**2 - 3*i + 91. Calculate s(-11).
3
Let i(l) = l + 4. What is i(-3)?
1
Let a(r) = -33*r - 397. Determine a(-12).
-1
Let l(m) = -m**3 - m**2 + m - 5. Give l(0).
-5
Let w(p) = p**3 + 11*p**2 + 13*p - 6. Determine w(-3).
27
Let l(b) = b**2 + 3*b - 9. Calculate l(-4).
-5
Let u(i) = -3*i**2 + 13*i + 48. Give u(6).
18
Let c(l) = -2*l**2 + 30*l - 26. Determine c(14).
2
Let l(d) = 7*d + 73. Give l(-9).
10
Let i(z) = 4*z**3 + z**2 + 2. What is i(-2)?
-26
Let d(m) = m + 16. Determine d(-7).
9
Let f(w) = w**3 - w**2 + 2*w + 1. Give f(-2).
-15
Let b(z) = z**2 + 10*z + 6. Determine b(-10).
6
Let m(w) = -2*w**3 - 13*w**2 - 4*w + 13. Give m(-6).
1
Let f(g) = 7*g**2 + 4*g + 3. Give f(-3).
54
Let j(l) = 5*l - 140. What is j(28)?
0
Let t(m) = m + 4. Give t(2).
6
Let q(w) = -4*w**2 + 2*w - 2. Determine q(3).
-32
Let t(q) = q**2 - 17*q + 30. What is t(15)?
0
Let a(h) = 14*h + 242. Give a(-17).
4
Let o(k) = -2*k**2 + 19*k + 96. Give o(13).
5
Let v(q) = -21*q**2 + 1. Calculate v(1).
-20
Let q(k) = -k**3 - 2*k**2 + k + 2. Determine q(-1).
0
Let n(z) = 147*z + 285. What is n(-2)?
-9
Let o(p) = p**3 - 2*p**2 - 5*p - 3. Determine o(4).
9
Let t(f) = -5*f**2 - 11*f - 18. Calculate t(-4).
-54
Let g(s) = 3*s**2 - s. Give g(-1).
4
Let j(o) = -2*o**2 + 5*o + 6. What is j(3)?
3
Let d(r) = r**3 + 19*r**2 - 40*r + 50. Determine d(-21).
8
Let h(w) = -w + 1. Determine h(-4).
5
Let s(j) = -9*j - 1. What is s(1)?
-10
Let j(u) = -2*u**2 + 29*u - 20. Determine j(13).
19
Let l(c) = -4*c**3 + 7*c**2 - 1. Determine l(2).
-5
Let s(a) = a**3 + 6*a**2 + a - 5. Determine s(-6).
-11
Let z(w) = 2*w**2 - 33*w - 51. Give z(19).
44
Let g(s) = -53*s + 3. What is g(-2)?
109
Let i(k) = k + 15. What is i(-17)?
-2
Let i(r) = -r**2 + 32*r - 105. What is i(24)?
87
Let v(o) = -2*o + 9. What is v(0)?
9
Let v(h) = 2*h - 4. Determine v(-4).
-12
Let o(t) = 10*t**2 + 2*t. Give o(-2).
36
Let n(v) = v**3 - 6*v**2 - 6*v + 10. Give n(6).
-26
Let b(n) = n**3 - 6*n**2 - 19*n - 2. Give b(8).
-26
Let f(h) = -h**2 + h + 4. Give f(-3).
-8
Let q(y) = -4*y - 25. Determine q(-12).
23
Let j(n) = n**3 - 4*n**2 + 3. Determine j(3).
-6
Let h(g) = g**2 - 4*g - 7. What is h(4)?
-7
Let z(y) = -y**3 + y**2 + 6. What is z(5)?
-94
Let i(n) = -n - 7. Calculate i(-14).
7
Let h(a) = a**2 + 25*a + 151. Give h(-15).
1
Let k(x) = x**2 - 10*x - 31. What is k(11)?
-20
Let o(d) = -d**3 - 5*d**2 - 4*d + 4. What is o(-5)?
24
Let b(y) = 6*y + 4. Give b(-2).
-8
Let w(i) = -3*i. Give w(-3).
9
Let m(f) = 29*f + 209. Calculate m(-7).
6
Let b(q) = 10*q**2 + 3*q + 4. What is b(-2)?
38
Let n(u) = 4*u + 32. Give n(-7).
4
Let h(f) = -f - 6. Determine h(24).
-30
Let d(w) = w**2 + 8*w + 31. Give d(-6).
19
Let j(g) = 2*g**3 - 13*g**2 - 24*g + 7. Calculate j(8).
7
Let u(v) = -v**3 + 6*v**2 - 1. Calculate u(6).
-1
Let b(p) = -4*p**2 + 49*p - 16. Determine b(12).
-4
Let g(l) = -6*l - 129. What is g(-13)?
-51
Let p(a) = 5*a + 18. What is p(4)?
38
Let g(w) = -w**3 - 11*w**2 - 8*w - 19. Determine g(-11).
69
Let y(a) = -a**3 - 6*a**2 - 5*a. Determine y(-6).
30
Let a(f) = -4*f + 1. Give a(-1).
5
Let y(u) = -u**2 - 12*u - 21. Calculate y(-11).
-10
Let p(l) = -7*l + 131. Determine p(22).
-23
Let i(f) = 2*f**2 + 33*f + 12. Calculate i(-16).
-4
Let r(g) = -g**2 + 14*g - 11. What is r(10)?
29
Let n(p) = -p + 8. Calculate n(10).
-2
Let c(b) = -b**2 - b - 55. What is c(0)?
-55
Let t(n) = 7*n + 3. Determine t(-6).
-39
Let k(d) = -d**2 + 4*d - 19. Give k(0).
-19
Let k(x) = 2*x**2 + 3*x - 1. Calculate k(-3).
8
Let h(k) = -4*k + 45. What is h(8)?
13
Let f(l) = l**2 - 18*l - 47. Give f(21).
16
Let w(h) = -h**3 - 6*h**2 + 3. Give w(-6).
3
Let j(x) = 3*x - 67. Calculate j(22).
-1
Let l(y) = y**2 + 5*y - 25. Calculate l(-13).
79
Let d(k) = 2*k**2 + 7*k - 11. Calculate d(4).
49
Let i(q) = -3*q - 8. What is i(-5)?
7
Let j(v) = v**3 - 6*v**2 + 5*v - 5. Determine j(5).
-5
Let w(x) = 42*x + 119. What is w(-3)?
-7
Let v(n) = 8*n + 5. What is v(-3)?
-19
Let x(a) = -a**3 + 5*a**2 + 5*a - 6. What is x(5)?
19
Let w(t) = t**3 - 2*t**2 - 2*t. Calculate w(4).
24
Let a(r) = 40*r + 3. Calculate a(2).
83
Let n(s) = s**2 - 19*s - 129. Give n(24).
-9
Let l(k) = 37*k + 29. Calculate l(-3).
-82
Let j(m) = -m**2 + 19*m + 32. Give j(21).
-10
Let b(r) = 2*r - 7. Determine b(-5).
-17
Let i(s) = -38*s**3 + 2*s**2 + 2*s - 1. Determine i(-1).
37
Let j(p) = -25*p - 317. Give j(-13).
8
Let i(z) = 12*z. Give i(3).
36
Let c(n) = -n**2 + 3*n - 5. Give c(2).
-3
Let u(t) = 7*t**2 - t - 4. What is u(-3)?
62
Let g(u) = u**3 - 13*u**2 + 11*u - 11. What is g(12)?
-23
Let j(f) = 20*f + 91. Determine j(-7).
-49
Let p(t) = t**3 + 30*t**2 + 29*t + 7. Give p(-29).
7
Let w(x) = x**2 + 5*x - 69. Determine w(-9).
-33
Let n(u) = u**2 - 19*u + 22. Determine n(6).
-56
Let b(n) = n**3 - 18*n**2 - 18*n - 24. Calculate b(19).
-5
Let g(u) = -14*u - 39. Determine g(-5).
31
Let x(g) = g**2 + 6*g - 1. Determine x(-6).
-1
Let l(r) = -r**3 + r**2 + 6*r - 5. Determine l(3).
-5
Let l(w) = 28*w - 58. What is l(3)?
26
Let v(s) = -3*s - 66. What is v(0)?
-66
Let w(o) = -o**2 + 9*o - 17. Give w(3).
1
Let s(h) = -3*h + 2. Give s(2).
-4
Let j(g) = 5*g + 33. Give j(-8).
-7
Let u(l) = l**2 + 27*l - 103. Give u(-30).
-13
Let l(u) = 2*u**3 - 8*u**2 - u + 1. Give l(4).
-3
Let c(f) = -2*f**3 - 24*f**2 + 10. What is c(-12)?
10
Let t(k) = k**3 + 6*k**2 + 5*k + 12. Determine t(-5).
12
Let s(g) = -16*g - 182. Give s(-12).
10
Let t(g) = -g**3 + 4*g**2 + 12*g + 7. Give t(6).
7
Let x(j) = j + 4. Give x(-13).
-9
Let a(n) = -n**3 + 36*n**2 + 36*n + 33. Calculate a(37).
-4
Let b(c) = 6*c**3 - 2*c**2 - 1. Calculate b(2).
39
Let f(g) = -g**3 - 13*g**2 - 8*g + 32. Give f(-12).
-16
Let x(d) = 6*d**2 + 39*d - 38. Determine x(-7).
-17
Let a(w) = 7*w + 7. Calculate a(-4).
-21
Let o(q) = 2*q**3 + 17*q**2 + 13*q + 30. Give o(-8).
-10
Let u(i) = 6*i + 91. Give u(-13).
13
Let a(m) = -m**2 + 21*m - 116. Determine a(10).
-6
Let c(f) = 3*f + 5. Determine c(-12).
-31
Let q(t) = -4*t - 2. Calculate q(-4).
14
Let p(k) = 